{"id":2,"date":"2022-09-06T16:00:46","date_gmt":"2022-09-06T14:00:46","guid":{"rendered":"http:\/\/www.safari-pei.re\/?page_id=2"},"modified":"2024-02-23T09:29:38","modified_gmt":"2024-02-23T08:29:38","slug":"safari-pei","status":"publish","type":"page","link":"https:\/\/www.safari-pei.re\/","title":{"rendered":"Safari Pei"},"content":{"rendered":"\r\n<p>Safari Pei propose la d\u00e9couverte de la R\u00e9union en v\u00e9hicules tout terrain.<\/p>\r\n<p>Avec ou sans chauffeur, nous vous assistons dans l&rsquo;organisation de vos parcours, du nord au sud, d\u00e9couvrez notre ile fabuleuse.<\/p>\r\n\r\n\r\n\r\n\r\n\r\n<p>L\u2019\u00e9quipe Safari-Pei.<\/p>\r\n\r\n\r\n\r\n<p><img loading=\"lazy\" decoding=\"async\" class=\"alignnone wp-image-51 size-large\" src=\"https:\/\/www.safari-pei.re\/wp-content\/uploads\/Safari_20221123_112426455-1024x771.jpg\" alt=\"\" width=\"750\" height=\"565\" srcset=\"https:\/\/www.safari-pei.re\/wp-content\/uploads\/Safari_20221123_112426455-1024x771.jpg 1024w, https:\/\/www.safari-pei.re\/wp-content\/uploads\/Safari_20221123_112426455-300x226.jpg 300w, https:\/\/www.safari-pei.re\/wp-content\/uploads\/Safari_20221123_112426455-768x578.jpg 768w, https:\/\/www.safari-pei.re\/wp-content\/uploads\/Safari_20221123_112426455-750x565.jpg 750w, https:\/\/www.safari-pei.re\/wp-content\/uploads\/Safari_20221123_112426455.jpg 1280w\" sizes=\"auto, (max-width: 750px) 100vw, 750px\" \/><\/p>\r\n<p>En savoir plus -&gt; <a href=\"https:\/\/www.safari-pei.re\/index.php\/contact\/\">contact<\/a><\/p>\r\n","protected":false},"excerpt":{"rendered":"<p>Safari Pei propose la d\u00e9couverte de la R\u00e9union en v\u00e9hicules tout terrain. Avec ou sans chauffeur, nous vous assistons dans l&rsquo;organisation de vos parcours, du nord au sud, d\u00e9couvrez notre ile fabuleuse. L\u2019\u00e9quipe Safari-Pei. En savoir plus -&gt; contact<\/p>\n","protected":false},"author":1,"featured_media":0,"parent":0,"menu_order":0,"comment_status":"closed","ping_status":"open","template":"","meta":{"footnotes":""},"class_list":["post-2","page","type-page","status-publish","hentry","nodate","item-wrap"],"_links":{"self":[{"href":"https:\/\/www.safari-pei.re\/index.php\/wp-json\/wp\/v2\/pages\/2","targetHints":{"allow":["GET"]}}],"collection":[{"href":"https:\/\/www.safari-pei.re\/index.php\/wp-json\/wp\/v2\/pages"}],"about":[{"href":"https:\/\/www.safari-pei.re\/index.php\/wp-json\/wp\/v2\/types\/page"}],"author":[{"embeddable":true,"href":"https:\/\/www.safari-pei.re\/index.php\/wp-json\/wp\/v2\/users\/1"}],"replies":[{"embeddable":true,"href":"https:\/\/www.safari-pei.re\/index.php\/wp-json\/wp\/v2\/comments?post=2"}],"version-history":[{"count":9,"href":"https:\/\/www.safari-pei.re\/index.php\/wp-json\/wp\/v2\/pages\/2\/revisions"}],"predecessor-version":[{"id":154,"href":"https:\/\/www.safari-pei.re\/index.php\/wp-json\/wp\/v2\/pages\/2\/revisions\/154"}],"wp:attachment":[{"href":"https:\/\/www.safari-pei.re\/index.php\/wp-json\/wp\/v2\/media?parent=2"}],"curies":[{"name":"wp","href":"https:\/\/api.w.org\/{rel}","templated":true}]}}